ainder when y is divided by i?
13
Suppose 0 = 3*u - u + 4. Suppose -3*y - 4*j + 29 = -0*j, -2*y = 2*j - 18. Let c = y - u. What is the remainder when 17 is divided by c?
8
Let t = 1473 - 1313. Calculate the remainder when t is divided by 82.
78
Let m = 75 + -39. Calculate the remainder when m is divided by 15 + (-2)/3*3.
10
Suppose 0 = -5*n + 2*l - 402, -2*l = -2*n + 2*l - 164. What is the remainder when 217 is divided by (44/10)/(4/(n/(-2)))?
41
Suppose -100 = 3*t + 386. Let v = 239 + t. Let g(j) = j**2 + 8*j + 6. What is the remainder when v is divided by g(-10)?
25
Let m be -1 - -4 - (-3)/(-9)*3. Suppose -20 = -5*r - 5*w + 20, 19 = 5*r - m*w. What is the remainder when 9 is divided by r?
4
Let x(p) = -p**3 + 18*p**2 - 8*p - 25. Calculate the remainder when 507 is divided by x(17).
123
Let p(r) be the first derivative of -7*r**2 + 2*r**2 - 20*r - 1 + 8*r**2. What is the remainder when 77 is divided by p(6)?
13
Let q(b) = -6*b**3 - 8*b**2 + 7*b + 5. What is the remainder when q(-4) is divided by 81?
71
Let i = -5 + 34. Let k = 50 - i. Calculate the remainder when 54 is divided by k.
12
Suppose 495*n - 497*n = -362. Let o = -1 - -15. Calculate the remainder when n is divided by o.
13
Suppose 5*l - 269 = 4*j, l + 4*j = 2*l - 57. Let f(x) = 2*x**2 + 17*x - 11. Calculate the remainder when l is divided by f(-10).
15
Suppose -i + 102 - 3 = 0. Let p = 128 - i. Calculate the remainder when 112 is divided by p.
25
Let s(w) = w**2 - 3*w - 4. Let l be s(-2). Suppose -5*u + l*u = 12. Calculate the remainder when u is divided by 4.
0
Let z(n) = -7*n - 13. Let g be 5*(1 - 4/2). Calculate the remainder when 38 is divided by z(g).
16
Let p = -43 + 46. Calculate the remainder when 81 is divided by p.
0
Let a(x) = -x**2 - 14*x - 13. Let d be a(-13). Suppose 100 = m + w + 5, d = -3*m - 2*w + 287. Calculate the remainder when m is divided by 20.
17
Suppose 2*v - 472 = -6*v. Calculate the remainder when v is divided by 32.
27
Calculate the remainder when 46/483 - (-2)/84*8102 is divided by 33.
28
What is the remainder when 214 is divided by 1 - (3 - 3 - 56)?
43
Let a = 32 - -88. Suppose -3*y = -0*y - a. Let i = 52 - 31. What is the remainder when y is divided by i?
19
Suppose -22*f + 387 = -19*f. Calculate the remainder when f is divided by 19.
15
Suppose 2*w + 3*a + 80 = 0, 4 = 4*a + 12. Suppose 0 = -2*j - 0*j + 190. Let q = j + w. What is the remainder when q is divided by 20?
18
Calculate the remainder when 106 is divided by 2*7/(-56) + (-221)/(-4).
51
Suppose -4*u + 86 = -2*o, 4*o + 41 = 4*u - 55. What is the remainder when 62 is divided by 20/8*(-12)/(-10) + u?
18
Suppose 9 = -4*z + 17. Suppose 0 = -4*t + 5*s + 32, -3*s - 6 = z*t - 0. Calculate the remainder when 8 - -1 - (-2)/2 is divided by t.
1
Let o(h) = 9*h**2 + 2*h - 1. Calculate the remainder when 41 + (1 + -8 - -3) is divided by o(1).
7
Suppose -y + 63 = 2*q - 18, 3*q + 5*y - 125 = 0. Let d = q - 24. Calculate the remainder when 63 is divided by d.
15
Let f(x) = x**3 + 20*x**2 - 337*x - 25. Let l = -16 + 30. Suppose -4*q - 8 = -t, -2*t - t + 2*q = -l. What is the remainder when f(11) is divided by t?
3
Let n = 111 + -91. What is the remainder when 31 is divided by n?
11
Let q be ((3 - 2) + -1)/1. Let b = q + 24. Let t = -16 + b. Calculate the remainder when 31 is divided by t.
7
Let t be (3/(-4))/((-2)/120). Let k = -23 + t. What is the remainder when (-5 - -11) + -11 - (-7 - (96 + -11)) is divided by k?
21
Suppose s - 6 + 2 = 0, -3*d - 3*s = -102. Calculate the remainder when 7 is divided by 6/d + (-136)/(-20).
0
Suppose 0 = -j - 0 + 25. Let c be (-3 - (-20)/6)/((-8)/(-168)). Let k = j - c. What is the remainder when k is divided by 11?
7
Let o(r) = -12 + r**3 + 19*r + 17*r**2 + 23*r**2 - 17*r**2. Calculate the remainder when o(-22) is divided by 20.
14
Suppose 0 = 4*t + 4*f + 66 - 286, 0 = -2*f - 10. What is the remainder when 251 is divided by t?
11
Let f be 2/(-3) + (-44)/6. Let g(a) = 23*a + 13. Let p(u) = 74*u + 41. Let i(h) = -7*g(h) + 2*p(h). Calculate the remainder when i(f) is divided by 32.
31
Let o = -2 + 3. Let l = o + 8. Suppose 0 = 3*i - 111 + l. What is the remainder when i is divided by 12?
10
Let n(w) be the second derivative of 0 + 1/6*w**3 + 1/2*w**2 + 9*w + 5/6*w**4. Calculate the remainder when 44 is divided by n(1).
8
Let d = 165 - 149. What is the remainder when 48 is divided by d?
0
Suppose 3*i - 5*w + 24 - 2 = 0, -2*i - 2*w = 4. What is the remainder when 23 is divided by (i/10)/((-16)/520)?
10
Suppose -3*q + 0*r + 4*r + 99 = 0, 2*q + 4*r - 46 = 0. What is the remainder when q is divided by (12*(-50)/(-80))/((-9)/(-6)) + 5?
9
Suppose 0 = -5*n + 60 + 55. Let j = -39 + 33. Calculate the remainder when n is divided by 18/((-36)/16*j/9).
11
Suppose 3*f = 4*g + 42, -5*g - 5*f = 53 + 17. Let h(c) = -5*c - 22. Calculate the remainder when h(g) is divided by 19 - -2*2/4.
18
Suppose 63 = 2*j - 7. Let f(k) = -k + 10. Let r be f(5). Suppose 2*i - r*i = -36. Calculate the remainder when j is divided by i.
11
Suppose 12538 = 9*f + 1837. Calculate the remainder when f is divided by 85.
84
Calculate the remainder when 4*2/10*(-10005)/(-58) is divided by -40*((-3)/2)/3.
18
Let n(d) = -d + 3. Let x be n(0). Suppose -x*h + 6*h = 387. Let l = -61 + h. What is the remainder when l is divided by 14?
12
Let i(x) = -2*x**3 - 7*x**2 - 9*x. Calculate the remainder when 256 is divided by i(-4).
48
Let b = -33 + 39. What is the remainder when 11 is divided by 7 + 6*(9/b + -1)?
1
Suppose 30 = -0*g + 3*g. Let u be (-1652)/70 + 6/g. Let r = 41 + u. Calculate the remainder when 69 is divided by r.
15
Suppose 1 = 3*q + 3*n - 2, 3*q - n - 23 = 0. Suppose 5*s = 3*s + q. Let a(p) = p**2 + 4. What is the remainder when a(s) is divided by 7?
6
Let u = 1101 + -1029. Calculate the remainder when 108 is divided by u.
36
Let q(g) = -7*g - 4. Let w be q(-1). Let p(a) = -a**3 + 3*a**2 - 2*a + 14. Calculate the remainder when 37 is divided by p(w).
5
Suppose -1 - 4 = 5*d. Let y(t) = -t**3 + 3*t**2 + t + 1. Calculate the remainder when (9/(-2) + 5)*(d - -39) is divided by y(2).
5
Let t be (-5 - (-6 + 3))*1. Let l(h) = -h**3 - 2*h**2 + 4*h + 2. Let c be l(-3). What is the remainder when c/t*172/2 is divided by 23?
20
Let q = 335 - 63. Suppose 33*c - 29*c - q = 0. Calculate the remainder when c is divided by 14.
12
Let d(r) = 3*r - 25. Let n(z) = -2*z + 13. Let a(c) = -3*d(c) - 5*n(c). Let w be a(-10). Suppose w*f = f - 15. Calculate the remainder when f is divided by 4.
3
Let j be (-2)/(-6) - 1/3. Suppose 4*v + 3 = -1, 3*k + 3*v - 153 = j. Suppose 0 = 3*c - 12 - 15. Calculate the remainder when k is divided by c.
7
Suppose 0 = -3*x - 7*b + 4*b + 237, 237 = 3*x - 2*b. Calculate the remainder when x is divided by 35.
9
Let f(i) = -i**2 - 18*i - 15. Suppose -2*p = 4*v - 3 - 3, v - 29 = -3*p. Calculate the remainder when f(-15) is divided by p.
8
Let v = -47 + 70. Suppose -5*h + 5*j + 65 = 0, -36 = -5*h - 2*j + 29. What is the remainder when v is divided by h?
10
Let d = 151 - 277. Let g = 133 + d. Calculate the remainder when 12 is divided by g.
5
Let h = 1546 + -1457. Calculate the remainder when h is divided by 4.
1
Let k = 75 - 78. What is the remainder when 13 is divided by k/(-2)*((-2)/(-1) + 0)?
1
Let f be ((-478)/(-6))/((-17)/(-51)). Suppose -f = 3*l + 40. Calculate the remainder when 20 is divided by (-2)/(l/(-33) + -3).
9
Let x = 2489 - 1711. What is the remainder when x is divided by 13?
11
Suppose 5*i = 339 - 14. Let w(v) be the first derivative of -v**2/2 + 12*v + 2. What is the remainder when i is divided by w(-10)?
21
Let n = 14 - 1. Let y = -11 + n. Suppose -9 = -i + y*z, 0 = -3*i + z - 6*z + 49. Calculate the remainder when 50 is divided by i.
11
Suppose 11*s = 13*s - 96. Let n = s + -24. Calculate the remainder when n is divided by 2/(-12) + (-170)/(-12).
10
Calculate the remainder when 52 is divided by -30*(45/(-6) + 7).
7
Suppose 2*j = -5*k + 31, 0 = -9*k + 11*k + 2*j - 10. Calculate the remainder when ((-104)/10)/(k + 259/(-35)) is divided by ((-14)/(-4))/((-2)/(-8)).
12
Let a = 254 + -211. Let o = -58 + 82. Calculate the remainder when a is divided by o.
19
Suppose 5*n - 63 = 5*j + 17, n - 1 = 4*j. Let t = -120 + 75. Let h = t - -105. What is the remainder when h is divided by n?
18
Suppose -3*l 